{"version":"1.0","provider_name":"Futbolandia","provider_url":"https:\/\/www.manquepierda.com\/futbolandia","author_name":"Jorge M. Gonz\u00e1lez","author_url":"https:\/\/www.manquepierda.com\/futbolandia\/author\/jorgegonzalez\/","title":"El despertar del talento belga &#8211; Futbolandia","type":"rich","width":600,"height":338,"html":"<blockquote class=\"wp-embedded-content\" data-secret=\"43z1R0pwT0\"><a href=\"https:\/\/www.manquepierda.com\/futbolandia\/el-despertar-del-talento-belga\/\">El despertar del talento belga<\/a><\/blockquote><iframe sandbox=\"allow-scripts\" security=\"restricted\" src=\"https:\/\/www.manquepierda.com\/futbolandia\/el-despertar-del-talento-belga\/embed\/#?secret=43z1R0pwT0\" width=\"600\" height=\"338\" title=\"\u00abEl despertar del talento belga\u00bb \u2014 Futbolandia\" data-secret=\"43z1R0pwT0\" frameborder=\"0\" marginwidth=\"0\" marginheight=\"0\" scrolling=\"no\" class=\"wp-embedded-content\"><\/iframe><script>\n\/*! This file is auto-generated *\/\n!function(d,l){\"use strict\";l.querySelector&&d.addEventListener&&\"undefined\"!=typeof URL&&(d.wp=d.wp||{},d.wp.receiveEmbedMessage||(d.wp.receiveEmbedMessage=function(e){var t=e.data;if((t||t.secret||t.message||t.value)&&!\/[^a-zA-Z0-9]\/.test(t.secret)){for(var s,r,n,a=l.querySelectorAll('iframe[data-secret=\"'+t.secret+'\"]'),o=l.querySelectorAll('blockquote[data-secret=\"'+t.secret+'\"]'),c=new RegExp(\"^https?:$\",\"i\"),i=0;i<o.length;i++)o[i].style.display=\"none\";for(i=0;i<a.length;i++)s=a[i],e.source===s.contentWindow&&(s.removeAttribute(\"style\"),\"height\"===t.message?(1e3<(r=parseInt(t.value,10))?r=1e3:~~r<200&&(r=200),s.height=r):\"link\"===t.message&&(r=new URL(s.getAttribute(\"src\")),n=new URL(t.value),c.test(n.protocol))&&n.host===r.host&&l.activeElement===s&&(d.top.location.href=t.value))}},d.addEventListener(\"message\",d.wp.receiveEmbedMessage,!1),l.addEventListener(\"DOMContentLoaded\",function(){for(var e,t,s=l.querySelectorAll(\"iframe.wp-embedded-content\"),r=0;r<s.length;r++)(t=(e=s[r]).getAttribute(\"data-secret\"))||(t=Math.random().toString(36).substring(2,12),e.src+=\"#?secret=\"+t,e.setAttribute(\"data-secret\",t)),e.contentWindow.postMessage({message:\"ready\",secret:t},\"*\")},!1)))}(window,document);\n\/\/# sourceURL=https:\/\/www.manquepierda.com\/futbolandia\/wp-includes\/js\/wp-embed.min.js\n<\/script>\n","thumbnail_url":"https:\/\/i1.wp.com\/www.manquepierda.com\/futbolandia\/files\/2013\/09\/belgica-once-de-gala.jpg?fit=500%2C300&ssl=1","thumbnail_width":500,"thumbnail_height":300,"description":"No es ning\u00fan secreto o sorpresa que B\u00e9lgica est\u00e1 experimentando un momento dulce pero, sobre todo, est\u00e1 sembrando en tierra f\u00e9rtil un futuro esperanzador. Se lleva augurando ya desde hace varios a\u00f1os, que el poder\u00edo futbol\u00edstico belga se encuentra en pleno crecimiento. Esto viene por algunos buenos resultados cosechados en categor\u00edas inferiores, que han tra\u00eddo..."}

Jorge M. González

No es ningún secreto o sorpresa que Bélgica está experimentando un momento dulce pero, sobre todo, está sembrando en tierra fértil un futuro esperanzador. Se lleva augurando ya desde hace varios años, que el poderío futbolístico belga se encuentra en pleno crecimiento. Esto viene por algunos buenos resultados cosechados en categorías inferiores, que han traído...
