{"version":"1.0","provider_name":"Futbolandia","provider_url":"https:\/\/www.manquepierda.com\/futbolandia","author_name":"Jordi Bernal Albiol","author_url":"https:\/\/www.manquepierda.com\/futbolandia\/author\/jordi93cs\/","title":"TOTTI 300. El \u00faltimo gladiador romano &#8211; Futbolandia","type":"rich","width":600,"height":338,"html":"<blockquote class=\"wp-embedded-content\" data-secret=\"AHFZq3G9tn\"><a href=\"https:\/\/www.manquepierda.com\/futbolandia\/totti-300-el-ultimo-gladiador-romano\/\">TOTTI 300. El \u00faltimo gladiador romano<\/a><\/blockquote><iframe sandbox=\"allow-scripts\" security=\"restricted\" src=\"https:\/\/www.manquepierda.com\/futbolandia\/totti-300-el-ultimo-gladiador-romano\/embed\/#?secret=AHFZq3G9tn\" width=\"600\" height=\"338\" title=\"\u00abTOTTI 300. El \u00faltimo gladiador romano\u00bb \u2014 Futbolandia\" data-secret=\"AHFZq3G9tn\" frameborder=\"0\" marginwidth=\"0\" marginheight=\"0\" scrolling=\"no\" class=\"wp-embedded-content\"><\/iframe><script>\n\/*! This file is auto-generated *\/\n!function(d,l){\"use strict\";l.querySelector&&d.addEventListener&&\"undefined\"!=typeof URL&&(d.wp=d.wp||{},d.wp.receiveEmbedMessage||(d.wp.receiveEmbedMessage=function(e){var t=e.data;if((t||t.secret||t.message||t.value)&&!\/[^a-zA-Z0-9]\/.test(t.secret)){for(var s,r,n,a=l.querySelectorAll('iframe[data-secret=\"'+t.secret+'\"]'),o=l.querySelectorAll('blockquote[data-secret=\"'+t.secret+'\"]'),c=new RegExp(\"^https?:$\",\"i\"),i=0;i<o.length;i++)o[i].style.display=\"none\";for(i=0;i<a.length;i++)s=a[i],e.source===s.contentWindow&&(s.removeAttribute(\"style\"),\"height\"===t.message?(1e3<(r=parseInt(t.value,10))?r=1e3:~~r<200&&(r=200),s.height=r):\"link\"===t.message&&(r=new URL(s.getAttribute(\"src\")),n=new URL(t.value),c.test(n.protocol))&&n.host===r.host&&l.activeElement===s&&(d.top.location.href=t.value))}},d.addEventListener(\"message\",d.wp.receiveEmbedMessage,!1),l.addEventListener(\"DOMContentLoaded\",function(){for(var e,t,s=l.querySelectorAll(\"iframe.wp-embedded-content\"),r=0;r<s.length;r++)(t=(e=s[r]).getAttribute(\"data-secret\"))||(t=Math.random().toString(36).substring(2,12),e.src+=\"#?secret=\"+t,e.setAttribute(\"data-secret\",t)),e.contentWindow.postMessage({message:\"ready\",secret:t},\"*\")},!1)))}(window,document);\n\/\/# sourceURL=https:\/\/www.manquepierda.com\/futbolandia\/wp-includes\/js\/wp-embed.min.js\n<\/script>\n","thumbnail_url":"https:\/\/i1.wp.com\/www.manquepierda.com\/futbolandia\/files\/2015\/09\/0012073433.jpg?fit=770%2C433&ssl=1","thumbnail_width":770,"thumbnail_height":433,"description":"Ha llovido mucho desde aquel d\u00eda en que un chico de tan solo 16 a\u00f1os debutaba en el siempre dif\u00edcil Calcio italiano con el equipo de su vida. Francesco debut\u00f3 un 28 de marzo de hace 22 a\u00f1os frente al Brescia con victoria de la &#8216;squadra giallorossa&#8217; pero no fue hasta un a\u00f1o m\u00e1s tarde..."}

TOTTI 300. El último gladiador romano &#8211; Futbolandia

<blockquote class="wp-embedded-content" data-secret="AHFZq3G9tn"><a href="https://www.manquepierda.com/futbolandia/totti-300-el-ultimo-gladiador-romano/">TOTTI 300. El último gladiador romano</a></blockquote><iframe sandbox="allow-scripts" security="restricted" src="https://www.manquepierda.com/futbolandia/totti-300-el-ultimo-gladiador-romano/embed/#?secret=AHFZq3G9tn" width="600" height="338" title="«TOTTI 300. El último gladiador romano» — Futbolandia" data-secret="AHFZq3G9tn" frameborder="0" marginwidth="0" marginheight="0" scrolling="no" class="wp-embedded-content"></iframe><script>
/*! This file is auto-generated */
!function(d,l){"use strict";l.querySelector&&d.addEventListener&&"undefined"!=typeof URL&&(d.wp=d.wp||{},d.wp.receiveEmbedMessage||(d.wp.receiveEmbedMessage=function(e){var t=e.data;if((t||t.secret||t.message||t.value)&&!/[^a-zA-Z0-9]/.test(t.secret)){for(var s,r,n,a=l.querySelectorAll('iframe[data-secret="'+t.secret+'"]'),o=l.querySelectorAll('blockquote[data-secret="'+t.secret+'"]'),c=new RegExp("^https?:$","i"),i=0;i<o.length;i++)o[i].style.display="none";for(i=0;i<a.length;i++)s=a[i],e.source===s.contentWindow&&(s.removeAttribute("style"),"height"===t.message?(1e3<(r=parseInt(t.value,10))?r=1e3:~~r<200&&(r=200),s.height=r):"link"===t.message&&(r=new URL(s.getAttribute("src")),n=new URL(t.value),c.test(n.protocol))&&n.host===r.host&&l.activeElement===s&&(d.top.location.href=t.value))}},d.addEventListener("message",d.wp.receiveEmbedMessage,!1),l.addEventListener("DOMContentLoaded",function(){for(var e,t,s=l.querySelectorAll("iframe.wp-embedded-content"),r=0;r<s.length;r++)(t=(e=s[r]).getAttribute("data-secret"))||(t=Math.random().toString(36).substring(2,12),e.src+="#?secret="+t,e.setAttribute("data-secret",t)),e.contentWindow.postMessage({message:"ready",secret:t},"*")},!1)))}(window,document);
//# sourceURL=https://www.manquepierda.com/futbolandia/wp-includes/js/wp-embed.min.js
</script>

Ha llovido mucho desde aquel día en que un chico de tan solo 16 años debutaba en el siempre difícil Calcio italiano con el equipo de su vida. Francesco debutó un 28 de marzo de hace 22 años frente al Brescia con victoria de la &#8216;squadra giallorossa&#8217; pero no fue hasta un año más tarde...
