{"version":"1.0","provider_name":"Futbolandia","provider_url":"https:\/\/www.manquepierda.com\/futbolandia","author_name":"Ezequiel Carrasco Navarro","author_url":"https:\/\/www.manquepierda.com\/futbolandia\/author\/ezequielcarnav\/","title":"Vincent Tan, el nuevo 'estratega' del Cardiff City &#8211; Futbolandia","type":"rich","width":600,"height":338,"html":"<blockquote class=\"wp-embedded-content\" data-secret=\"7GdrU2M1rl\"><a href=\"https:\/\/www.manquepierda.com\/futbolandia\/vincent-tan-el-nuevo-estratega-del-cardiff-city\/\">Vincent Tan, el nuevo &#8216;estratega&#8217; del Cardiff City<\/a><\/blockquote><iframe sandbox=\"allow-scripts\" security=\"restricted\" src=\"https:\/\/www.manquepierda.com\/futbolandia\/vincent-tan-el-nuevo-estratega-del-cardiff-city\/embed\/#?secret=7GdrU2M1rl\" width=\"600\" height=\"338\" title=\"\u00abVincent Tan, el nuevo &#8216;estratega&#8217; del Cardiff City\u00bb \u2014 Futbolandia\" data-secret=\"7GdrU2M1rl\" frameborder=\"0\" marginwidth=\"0\" marginheight=\"0\" scrolling=\"no\" class=\"wp-embedded-content\"><\/iframe><script>\n\/*! This file is auto-generated *\/\n!function(d,l){\"use strict\";l.querySelector&&d.addEventListener&&\"undefined\"!=typeof URL&&(d.wp=d.wp||{},d.wp.receiveEmbedMessage||(d.wp.receiveEmbedMessage=function(e){var t=e.data;if((t||t.secret||t.message||t.value)&&!\/[^a-zA-Z0-9]\/.test(t.secret)){for(var s,r,n,a=l.querySelectorAll('iframe[data-secret=\"'+t.secret+'\"]'),o=l.querySelectorAll('blockquote[data-secret=\"'+t.secret+'\"]'),c=new RegExp(\"^https?:$\",\"i\"),i=0;i<o.length;i++)o[i].style.display=\"none\";for(i=0;i<a.length;i++)s=a[i],e.source===s.contentWindow&&(s.removeAttribute(\"style\"),\"height\"===t.message?(1e3<(r=parseInt(t.value,10))?r=1e3:~~r<200&&(r=200),s.height=r):\"link\"===t.message&&(r=new URL(s.getAttribute(\"src\")),n=new URL(t.value),c.test(n.protocol))&&n.host===r.host&&l.activeElement===s&&(d.top.location.href=t.value))}},d.addEventListener(\"message\",d.wp.receiveEmbedMessage,!1),l.addEventListener(\"DOMContentLoaded\",function(){for(var e,t,s=l.querySelectorAll(\"iframe.wp-embedded-content\"),r=0;r<s.length;r++)(t=(e=s[r]).getAttribute(\"data-secret\"))||(t=Math.random().toString(36).substring(2,12),e.src+=\"#?secret=\"+t,e.setAttribute(\"data-secret\",t)),e.contentWindow.postMessage({message:\"ready\",secret:t},\"*\")},!1)))}(window,document);\n\/\/# sourceURL=https:\/\/www.manquepierda.com\/futbolandia\/wp-includes\/js\/wp-embed.min.js\n<\/script>\n","thumbnail_url":"https:\/\/i1.wp.com\/www.manquepierda.com\/futbolandia\/files\/2013\/09\/tan-2709584.jpg?fit=615%2C409&ssl=1","thumbnail_width":615,"thumbnail_height":409,"description":"Hagamos un ejercicio de imaginaci\u00f3n. Imaginemos que tras el desfalco de los anteriores dirigentes del Betis, de cuyo nombre no quiero acordarme, en vez de entrar en la famosa Ley Concursal y ser dirigidos por Bosch, Gordillo, Huidobro y el difunto Porr\u00faa, hubiese entrado en acci\u00f3n un magnate de estos que est\u00e1n tan de moda...."}

Hagamos un ejercicio de imaginación. Imaginemos que tras el desfalco de los anteriores dirigentes del Betis, de cuyo nombre no quiero acordarme, en vez de entrar en la famosa Ley Concursal y ser dirigidos por Bosch, Gordillo, Huidobro y el difunto Porrúa, hubiese entrado en acción un magnate de estos que están tan de moda....
