{"id":26073,"date":"2013-01-22T00:07:37","date_gmt":"2013-01-21T23:07:37","guid":{"rendered":"http:\/\/www.manquepierda.com\/historiarealbetis\/files\/2013\/01\/Alineaci\u00f3n-Atl\u00e9tico-Betis-Copa-1968-NMP-AS-2-06-1968.jpg"},"modified":"2013-01-22T00:07:37","modified_gmt":"2013-01-21T23:07:37","slug":"alineacion-atletico-betis-copa-1968-nmp-as-2-06-1968","status":"inherit","type":"attachment","link":"https:\/\/www.manquepierda.com\/historiarealbetis\/betis-y-atletico-en-copa-ii\/alineacion-atletico-betis-copa-1968-nmp-as-2-06-1968\/","title":{"rendered":"Alineaci\u00f3n Atl\u00e9tico Betis Copa 1968 (NMP) AS 2-06-1968"},"author":5,"featured_media":0,"comment_status":"open","ping_status":"open","template":"","meta":{"_kad_post_transparent":"","_kad_post_title":"","_kad_post_layout":"","_kad_post_sidebar_id":"","_kad_post_content_style":"","_kad_post_vertical_padding":"","_kad_post_feature":"","_kad_post_feature_position":"","_kad_post_header":false,"_kad_post_footer":false,"_kad_post_classname":""},"class_list":["post-26073","attachment","type-attachment","status-inherit","hentry"],"jetpack_sharing_enabled":true,"jetpack_shortlink":"https:\/\/wp.me\/a1ij08-6Mx","description":{"rendered":"<p class=\"attachment\"><a href=\"https:\/\/i0.wp.com\/www.manquepierda.com\/historiarealbetis\/files\/2013\/01\/Alineaci%C3%B3n-Atl%C3%A9tico-Betis-Copa-1968-NMP-AS-2-06-1968.jpg?ssl=1\"><img loading=\"lazy\" decoding=\"async\" width=\"300\" height=\"165\" src=\"https:\/\/i0.wp.com\/www.manquepierda.com\/historiarealbetis\/files\/2013\/01\/Alineaci%C3%B3n-Atl%C3%A9tico-Betis-Copa-1968-NMP-AS-2-06-1968.jpg?fit=300%2C165&amp;ssl=1\" class=\"attachment-medium size-medium\" alt=\"\" \/><\/a><\/p>\n"},"caption":{"rendered":""},"alt_text":"","media_type":"image","mime_type":"image\/jpeg","media_details":{"width":841,"height":463,"file":"2013\/01\/Alineaci\u00f3n-Atl\u00e9tico-Betis-Copa-1968-NMP-AS-2-06-1968.jpg","sizes":{"thumbnail":{"file":"Alineaci\u00f3n-Atl\u00e9tico-Betis-Copa-1968-NMP-AS-2-06-1968-150x150.jpg","width":150,"height":150,"mime_type":"image\/jpeg","source_url":"https:\/\/i0.wp.com\/www.manquepierda.com\/historiarealbetis\/files\/2013\/01\/Alineaci%C3%B3n-Atl%C3%A9tico-Betis-Copa-1968-NMP-AS-2-06-1968.jpg?fit=150%2C150&ssl=1"},"medium":{"file":"Alineaci\u00f3n-Atl\u00e9tico-Betis-Copa-1968-NMP-AS-2-06-1968-300x165.jpg","width":300,"height":165,"mime_type":"image\/jpeg","source_url":"https:\/\/i0.wp.com\/www.manquepierda.com\/historiarealbetis\/files\/2013\/01\/Alineaci%C3%B3n-Atl%C3%A9tico-Betis-Copa-1968-NMP-AS-2-06-1968.jpg?fit=300%2C165&ssl=1"},"post-thumbnail":{"file":"Alineaci\u00f3n-Atl\u00e9tico-Betis-Copa-1968-NMP-AS-2-06-1968-50x50.jpg","width":50,"height":50,"mime_type":"image\/jpeg","source_url":"https:\/\/www.manquepierda.com\/historiarealbetis\/files\/2013\/01\/Alineaci\u00f3n-Atl\u00e9tico-Betis-Copa-1968-NMP-AS-2-06-1968-50x50.jpg"},"full":{"file":"Alineaci%C3%B3n-Atl%C3%A9tico-Betis-Copa-1968-NMP-AS-2-06-1968.jpg?fit=841%2C463&ssl=1","width":841,"height":463,"mime_type":"image\/jpeg","source_url":"https:\/\/i0.wp.com\/www.manquepierda.com\/historiarealbetis\/files\/2013\/01\/Alineaci%C3%B3n-Atl%C3%A9tico-Betis-Copa-1968-NMP-AS-2-06-1968.jpg?fit=841%2C463&ssl=1"}},"image_meta":{"aperture":0,"credit":"","camera":"","caption":"","created_timestamp":0,"copyright":"","focal_length":0,"iso":0,"shutter_speed":0,"title":""}},"post":26072,"source_url":"https:\/\/www.manquepierda.com\/historiarealbetis\/files\/2013\/01\/Alineaci\u00f3n-Atl\u00e9tico-Betis-Copa-1968-NMP-AS-2-06-1968.jpg","_links":{"self":[{"href":"https:\/\/www.manquepierda.com\/historiarealbetis\/wp-json\/wp\/v2\/media\/26073","targetHints":{"allow":["GET"]}}],"collection":[{"href":"https:\/\/www.manquepierda.com\/historiarealbetis\/wp-json\/wp\/v2\/media"}],"about":[{"href":"https:\/\/www.manquepierda.com\/historiarealbetis\/wp-json\/wp\/v2\/types\/attachment"}],"author":[{"embeddable":true,"href":"https:\/\/www.manquepierda.com\/historiarealbetis\/wp-json\/wp\/v2\/users\/5"}],"replies":[{"embeddable":true,"href":"https:\/\/www.manquepierda.com\/historiarealbetis\/wp-json\/wp\/v2\/comments?post=26073"}],"wp:attached-to":[{"embeddable":true,"post_type":"post","id":26072,"href":"https:\/\/www.manquepierda.com\/historiarealbetis\/wp-json\/wp\/v2\/posts\/26072"}],"curies":[{"name":"wp","href":"https:\/\/api.w.org\/{rel}","templated":true}]}}

http://www.manquepierda.com/historiarealbetis/files/2013/01/Alineación-Atlético-Betis-Copa-1968-NMP-AS-2-06-1968.jpg

Alineación Atlético Betis Copa 1968 (NMP) AS 2-06-1968

2013/01/Alineación-Atlético-Betis-Copa-1968-NMP-AS-2-06-1968.jpg

Alineación-Atlético-Betis-Copa-1968-NMP-AS-2-06-1968-150x150.jpg

Alineación-Atlético-Betis-Copa-1968-NMP-AS-2-06-1968-300x165.jpg

Alineación-Atlético-Betis-Copa-1968-NMP-AS-2-06-1968-50x50.jpg

https://www.manquepierda.com/historiarealbetis/files/2013/01/Alineación-Atlético-Betis-Copa-1968-NMP-AS-2-06-1968-50x50.jpg

https://www.manquepierda.com/historiarealbetis/files/2013/01/Alineación-Atlético-Betis-Copa-1968-NMP-AS-2-06-1968.jpg
