{"id":26075,"date":"2013-01-22T00:25:32","date_gmt":"2013-01-21T23:25:32","guid":{"rendered":"http:\/\/www.manquepierda.com\/historiarealbetis\/files\/2013\/01\/Betis-Atl\u00e9tico-Avisci\u00f3n-Copa-1945-NMP-Marca-24-01-1945.jpg"},"modified":"2013-01-22T00:25:32","modified_gmt":"2013-01-21T23:25:32","slug":"betis-atletico-aviscion-copa-1945-nmp-marca-24-01-1945","status":"inherit","type":"attachment","link":"https:\/\/www.manquepierda.com\/historiarealbetis\/betis-y-atletico-en-copa-ii\/betis-atletico-aviscion-copa-1945-nmp-marca-24-01-1945\/","title":{"rendered":"Betis-Atl\u00e9tico Avisci\u00f3n Copa 1945 (NMP) Marca 24-01-1945"},"author":5,"featured_media":0,"comment_status":"open","ping_status":"open","template":"","meta":{"_kad_post_transparent":"","_kad_post_title":"","_kad_post_layout":"","_kad_post_sidebar_id":"","_kad_post_content_style":"","_kad_post_vertical_padding":"","_kad_post_feature":"","_kad_post_feature_position":"","_kad_post_header":false,"_kad_post_footer":false,"_kad_post_classname":""},"class_list":["post-26075","attachment","type-attachment","status-inherit","hentry"],"jetpack_sharing_enabled":true,"jetpack_shortlink":"https:\/\/wp.me\/a1ij08-6Mz","description":{"rendered":"<p class=\"attachment\"><a href=\"https:\/\/i0.wp.com\/www.manquepierda.com\/historiarealbetis\/files\/2013\/01\/Betis-Atl%C3%A9tico-Avisci%C3%B3n-Copa-1945-NMP-Marca-24-01-1945.jpg?ssl=1\"><img loading=\"lazy\" decoding=\"async\" width=\"300\" height=\"214\" src=\"https:\/\/i0.wp.com\/www.manquepierda.com\/historiarealbetis\/files\/2013\/01\/Betis-Atl%C3%A9tico-Avisci%C3%B3n-Copa-1945-NMP-Marca-24-01-1945.jpg?fit=300%2C214&amp;ssl=1\" class=\"attachment-medium size-medium\" alt=\"\" \/><\/a><\/p>\n"},"caption":{"rendered":"<p>Fuente: Marca 24 de enero de 1945<\/p>\n"},"alt_text":"","media_type":"image","mime_type":"image\/jpeg","media_details":{"width":651,"height":466,"file":"2013\/01\/Betis-Atl\u00e9tico-Avisci\u00f3n-Copa-1945-NMP-Marca-24-01-1945.jpg","sizes":{"thumbnail":{"file":"Betis-Atl\u00e9tico-Avisci\u00f3n-Copa-1945-NMP-Marca-24-01-1945-150x150.jpg","width":150,"height":150,"mime_type":"image\/jpeg","source_url":"https:\/\/i0.wp.com\/www.manquepierda.com\/historiarealbetis\/files\/2013\/01\/Betis-Atl%C3%A9tico-Avisci%C3%B3n-Copa-1945-NMP-Marca-24-01-1945.jpg?fit=150%2C150&ssl=1"},"medium":{"file":"Betis-Atl\u00e9tico-Avisci\u00f3n-Copa-1945-NMP-Marca-24-01-1945-300x214.jpg","width":300,"height":214,"mime_type":"image\/jpeg","source_url":"https:\/\/i0.wp.com\/www.manquepierda.com\/historiarealbetis\/files\/2013\/01\/Betis-Atl%C3%A9tico-Avisci%C3%B3n-Copa-1945-NMP-Marca-24-01-1945.jpg?fit=300%2C214&ssl=1"},"post-thumbnail":{"file":"Betis-Atl\u00e9tico-Avisci\u00f3n-Copa-1945-NMP-Marca-24-01-1945-50x50.jpg","width":50,"height":50,"mime_type":"image\/jpeg","source_url":"https:\/\/www.manquepierda.com\/historiarealbetis\/files\/2013\/01\/Betis-Atl\u00e9tico-Avisci\u00f3n-Copa-1945-NMP-Marca-24-01-1945-50x50.jpg"},"full":{"file":"Betis-Atl%C3%A9tico-Avisci%C3%B3n-Copa-1945-NMP-Marca-24-01-1945.jpg?fit=651%2C466&ssl=1","width":651,"height":466,"mime_type":"image\/jpeg","source_url":"https:\/\/i0.wp.com\/www.manquepierda.com\/historiarealbetis\/files\/2013\/01\/Betis-Atl%C3%A9tico-Avisci%C3%B3n-Copa-1945-NMP-Marca-24-01-1945.jpg?fit=651%2C466&ssl=1"}},"image_meta":{"aperture":0,"credit":"","camera":"","caption":"","created_timestamp":0,"copyright":"","focal_length":0,"iso":0,"shutter_speed":0,"title":""}},"post":26072,"source_url":"https:\/\/www.manquepierda.com\/historiarealbetis\/files\/2013\/01\/Betis-Atl\u00e9tico-Avisci\u00f3n-Copa-1945-NMP-Marca-24-01-1945.jpg","_links":{"self":[{"href":"https:\/\/www.manquepierda.com\/historiarealbetis\/wp-json\/wp\/v2\/media\/26075","targetHints":{"allow":["GET"]}}],"collection":[{"href":"https:\/\/www.manquepierda.com\/historiarealbetis\/wp-json\/wp\/v2\/media"}],"about":[{"href":"https:\/\/www.manquepierda.com\/historiarealbetis\/wp-json\/wp\/v2\/types\/attachment"}],"author":[{"embeddable":true,"href":"https:\/\/www.manquepierda.com\/historiarealbetis\/wp-json\/wp\/v2\/users\/5"}],"replies":[{"embeddable":true,"href":"https:\/\/www.manquepierda.com\/historiarealbetis\/wp-json\/wp\/v2\/comments?post=26075"}],"wp:attached-to":[{"embeddable":true,"post_type":"post","id":26072,"href":"https:\/\/www.manquepierda.com\/historiarealbetis\/wp-json\/wp\/v2\/posts\/26072"}],"curies":[{"name":"wp","href":"https:\/\/api.w.org\/{rel}","templated":true}]}}

http://www.manquepierda.com/historiarealbetis/files/2013/01/Betis-Atlético-Avisción-Copa-1945-NMP-Marca-24-01-1945.jpg

Betis-Atlético Avisción Copa 1945 (NMP) Marca 24-01-1945

2013/01/Betis-Atlético-Avisción-Copa-1945-NMP-Marca-24-01-1945.jpg

Betis-Atlético-Avisción-Copa-1945-NMP-Marca-24-01-1945-150x150.jpg

Betis-Atlético-Avisción-Copa-1945-NMP-Marca-24-01-1945-300x214.jpg

Betis-Atlético-Avisción-Copa-1945-NMP-Marca-24-01-1945-50x50.jpg

https://www.manquepierda.com/historiarealbetis/files/2013/01/Betis-Atlético-Avisción-Copa-1945-NMP-Marca-24-01-1945-50x50.jpg

https://www.manquepierda.com/historiarealbetis/files/2013/01/Betis-Atlético-Avisción-Copa-1945-NMP-Marca-24-01-1945.jpg
