{"id":29697,"date":"2013-05-09T19:09:52","date_gmt":"2013-05-09T17:09:52","guid":{"rendered":"http:\/\/www.manquepierda.com\/historiarealbetis\/files\/2013\/05\/PORTU.-Jos\u00e9-Besteiro-Fari\u00f1as.jpg"},"modified":"2013-05-09T19:09:52","modified_gmt":"2013-05-09T17:09:52","slug":"portu-jose-besteiro-farinas-2","status":"inherit","type":"attachment","link":"https:\/\/www.manquepierda.com\/historiarealbetis\/1957-mayo-05-segunda-division-grupo-ii-real-betis-balompie-3-vs-club-atletico-ceuta-0\/portu-jose-besteiro-farinas-2\/","title":{"rendered":"PORTU. Jos\u00e9 Besteiro Fari\u00f1as"},"author":48,"featured_media":0,"comment_status":"open","ping_status":"open","template":"","meta":{"_kad_post_transparent":"","_kad_post_title":"","_kad_post_layout":"","_kad_post_sidebar_id":"","_kad_post_content_style":"","_kad_post_vertical_padding":"","_kad_post_feature":"","_kad_post_feature_position":"","_kad_post_header":false,"_kad_post_footer":false,"_kad_post_classname":""},"class_list":["post-29697","attachment","type-attachment","status-inherit","hentry"],"jetpack_sharing_enabled":true,"jetpack_shortlink":"https:\/\/wp.me\/a1ij08-7IZ","description":{"rendered":"<p class=\"attachment\"><a href=\"https:\/\/i0.wp.com\/www.manquepierda.com\/historiarealbetis\/files\/2013\/05\/PORTU.-Jos%C3%A9-Besteiro-Fari%C3%B1as.jpg?ssl=1\"><img loading=\"lazy\" decoding=\"async\" width=\"401\" height=\"600\" src=\"https:\/\/i0.wp.com\/www.manquepierda.com\/historiarealbetis\/files\/2013\/05\/PORTU.-Jos%C3%A9-Besteiro-Fari%C3%B1as.jpg?fit=401%2C600&amp;ssl=1\" class=\"attachment-medium size-medium\" alt=\"\" \/><\/a><\/p>\n"},"caption":{"rendered":""},"alt_text":"","media_type":"image","mime_type":"image\/jpeg","media_details":{"width":627,"height":936,"file":"2013\/05\/PORTU.-Jos\u00e9-Besteiro-Fari\u00f1as.jpg","sizes":{"thumbnail":{"file":"PORTU.-Jos\u00e9-Besteiro-Fari\u00f1as-147x220.jpg","width":147,"height":220,"wp_smushit":"Reduced by 7.4% (711&nbsp;B)","mime_type":"image\/jpeg","source_url":"https:\/\/i0.wp.com\/www.manquepierda.com\/historiarealbetis\/files\/2013\/05\/PORTU.-Jos%C3%A9-Besteiro-Fari%C3%B1as.jpg?fit=147%2C220&ssl=1"},"medium":{"file":"PORTU.-Jos\u00e9-Besteiro-Fari\u00f1as-401x600.jpg","width":401,"height":600,"wp_smushit":"Reduced by 6.8% (4.3&nbsp;KB)","mime_type":"image\/jpeg","source_url":"https:\/\/i0.wp.com\/www.manquepierda.com\/historiarealbetis\/files\/2013\/05\/PORTU.-Jos%C3%A9-Besteiro-Fari%C3%B1as.jpg?fit=401%2C600&ssl=1"},"large":{"file":"PORTU.-Jos\u00e9-Besteiro-Fari\u00f1as-468x700.jpg","width":468,"height":700,"wp_smushit":"Reduced by 6.1% (5.1&nbsp;KB)","mime_type":"image\/jpeg","source_url":"https:\/\/i0.wp.com\/www.manquepierda.com\/historiarealbetis\/files\/2013\/05\/PORTU.-Jos%C3%A9-Besteiro-Fari%C3%B1as.jpg?fit=468%2C700&ssl=1"},"post-thumbnail":{"file":"PORTU.-Jos\u00e9-Besteiro-Fari\u00f1as-50x50.jpg","width":50,"height":50,"wp_smushit":"Reduced by 6.4% (107&nbsp;B)","mime_type":"image\/jpeg","source_url":"https:\/\/www.manquepierda.com\/historiarealbetis\/files\/2013\/05\/PORTU.-Jos\u00e9-Besteiro-Fari\u00f1as-50x50.jpg"},"wordbooker_og":{"file":"PORTU.-Jos\u00e9-Besteiro-Fari\u00f1as-334x500.jpg","width":334,"height":500,"wp_smushit":"Reduced by 7.1% (3.1&nbsp;KB)","mime_type":"image\/jpeg","source_url":"https:\/\/www.manquepierda.com\/historiarealbetis\/files\/2013\/05\/PORTU.-Jos\u00e9-Besteiro-Fari\u00f1as-334x500.jpg"},"full":{"file":"PORTU.-Jos%C3%A9-Besteiro-Fari%C3%B1as.jpg?fit=627%2C936&ssl=1","width":627,"height":936,"mime_type":"image\/jpeg","source_url":"https:\/\/i0.wp.com\/www.manquepierda.com\/historiarealbetis\/files\/2013\/05\/PORTU.-Jos%C3%A9-Besteiro-Fari%C3%B1as.jpg?fit=627%2C936&ssl=1"}},"image_meta":{"aperture":0,"credit":"","camera":"HP psc1500","caption":"","created_timestamp":0,"copyright":"","focal_length":0,"iso":0,"shutter_speed":0,"title":""},"wp_smushit":"Reduced by 6.5% (19.9&nbsp;KB)"},"post":29693,"source_url":"https:\/\/www.manquepierda.com\/historiarealbetis\/files\/2013\/05\/PORTU.-Jos\u00e9-Besteiro-Fari\u00f1as.jpg","_links":{"self":[{"href":"https:\/\/www.manquepierda.com\/historiarealbetis\/wp-json\/wp\/v2\/media\/29697","targetHints":{"allow":["GET"]}}],"collection":[{"href":"https:\/\/www.manquepierda.com\/historiarealbetis\/wp-json\/wp\/v2\/media"}],"about":[{"href":"https:\/\/www.manquepierda.com\/historiarealbetis\/wp-json\/wp\/v2\/types\/attachment"}],"author":[{"embeddable":true,"href":"https:\/\/www.manquepierda.com\/historiarealbetis\/wp-json\/wp\/v2\/users\/48"}],"replies":[{"embeddable":true,"href":"https:\/\/www.manquepierda.com\/historiarealbetis\/wp-json\/wp\/v2\/comments?post=29697"}],"wp:attached-to":[{"embeddable":true,"post_type":"post","id":29693,"href":"https:\/\/www.manquepierda.com\/historiarealbetis\/wp-json\/wp\/v2\/posts\/29693"}],"curies":[{"name":"wp","href":"https:\/\/api.w.org\/{rel}","templated":true}]}}

http://www.manquepierda.com/historiarealbetis/files/2013/05/PORTU.-José-Besteiro-Fariñas.jpg

PORTU. José Besteiro Fariñas

2013/05/PORTU.-José-Besteiro-Fariñas.jpg

PORTU.-José-Besteiro-Fariñas-147x220.jpg

PORTU.-José-Besteiro-Fariñas-401x600.jpg

PORTU.-José-Besteiro-Fariñas-468x700.jpg

PORTU.-José-Besteiro-Fariñas-50x50.jpg

https://www.manquepierda.com/historiarealbetis/files/2013/05/PORTU.-José-Besteiro-Fariñas-50x50.jpg

PORTU.-José-Besteiro-Fariñas-334x500.jpg

https://www.manquepierda.com/historiarealbetis/files/2013/05/PORTU.-José-Besteiro-Fariñas-334x500.jpg

https://www.manquepierda.com/historiarealbetis/files/2013/05/PORTU.-José-Besteiro-Fariñas.jpg
