{"id":30525,"date":"2013-06-03T15:50:27","date_gmt":"2013-06-03T13:50:27","guid":{"rendered":"http:\/\/www.manquepierda.com\/historiarealbetis\/files\/2013\/06\/Presentaci\u00f3n-Temporada-1998-99-NMP-Don-Bal\u00f3n.jpg"},"modified":"2013-06-03T15:50:27","modified_gmt":"2013-06-03T13:50:27","slug":"presentacion-temporada-1998-99-nmp-don-balon","status":"inherit","type":"attachment","link":"https:\/\/www.manquepierda.com\/historiarealbetis\/presentacion-temporada-1998-99\/presentacion-temporada-1998-99-nmp-don-balon\/","title":{"rendered":"Presentaci\u00f3n Temporada 1998-99 (NMP) Don Bal\u00f3n"},"author":5,"featured_media":0,"comment_status":"open","ping_status":"open","template":"","meta":{"_kad_post_transparent":"","_kad_post_title":"","_kad_post_layout":"","_kad_post_sidebar_id":"","_kad_post_content_style":"","_kad_post_vertical_padding":"","_kad_post_feature":"","_kad_post_feature_position":"","_kad_post_header":false,"_kad_post_footer":false,"_kad_post_classname":""},"class_list":["post-30525","attachment","type-attachment","status-inherit","hentry"],"jetpack_sharing_enabled":true,"jetpack_shortlink":"https:\/\/wp.me\/a1ij08-7Wl","description":{"rendered":"<p class=\"attachment\"><a href=\"https:\/\/i0.wp.com\/www.manquepierda.com\/historiarealbetis\/files\/2013\/06\/Presentaci%C3%B3n-Temporada-1998-99-NMP-Don-Bal%C3%B3n.jpg?ssl=1\"><img loading=\"lazy\" decoding=\"async\" width=\"680\" height=\"353\" src=\"https:\/\/i0.wp.com\/www.manquepierda.com\/historiarealbetis\/files\/2013\/06\/Presentaci%C3%B3n-Temporada-1998-99-NMP-Don-Bal%C3%B3n.jpg?fit=680%2C353&amp;ssl=1\" class=\"attachment-medium size-medium\" alt=\"\" \/><\/a><\/p>\n"},"caption":{"rendered":""},"alt_text":"","media_type":"image","mime_type":"image\/jpeg","media_details":{"width":1163,"height":605,"file":"2013\/06\/Presentaci\u00f3n-Temporada-1998-99-NMP-Don-Bal\u00f3n.jpg","sizes":{"thumbnail":{"file":"Presentaci\u00f3n-Temporada-1998-99-NMP-Don-Bal\u00f3n-220x114.jpg","width":220,"height":114,"wp_smushit":"Reduced by 8.8% (1.2&nbsp;KB)","mime_type":"image\/jpeg","source_url":"https:\/\/i0.wp.com\/www.manquepierda.com\/historiarealbetis\/files\/2013\/06\/Presentaci%C3%B3n-Temporada-1998-99-NMP-Don-Bal%C3%B3n.jpg?fit=220%2C114&ssl=1"},"medium":{"file":"Presentaci\u00f3n-Temporada-1998-99-NMP-Don-Bal\u00f3n-680x353.jpg","width":680,"height":353,"wp_smushit":"Reduced by 8.3% (7.8&nbsp;KB)","mime_type":"image\/jpeg","source_url":"https:\/\/i0.wp.com\/www.manquepierda.com\/historiarealbetis\/files\/2013\/06\/Presentaci%C3%B3n-Temporada-1998-99-NMP-Don-Bal%C3%B3n.jpg?fit=680%2C353&ssl=1"},"large":{"file":"Presentaci\u00f3n-Temporada-1998-99-NMP-Don-Bal\u00f3n-960x499.jpg","width":960,"height":499,"wp_smushit":"Reduced by 7.7% (12.3&nbsp;KB)","mime_type":"image\/jpeg","source_url":"https:\/\/i0.wp.com\/www.manquepierda.com\/historiarealbetis\/files\/2013\/06\/Presentaci%C3%B3n-Temporada-1998-99-NMP-Don-Bal%C3%B3n.jpg?fit=960%2C499&ssl=1"},"post-thumbnail":{"file":"Presentaci\u00f3n-Temporada-1998-99-NMP-Don-Bal\u00f3n-50x50.jpg","width":50,"height":50,"wp_smushit":"Reduced by 5.3% (115&nbsp;B)","mime_type":"image\/jpeg","source_url":"https:\/\/www.manquepierda.com\/historiarealbetis\/files\/2013\/06\/Presentaci\u00f3n-Temporada-1998-99-NMP-Don-Bal\u00f3n-50x50.jpg"},"gabfire":{"file":"Presentaci\u00f3n-Temporada-1998-99-NMP-Don-Bal\u00f3n-1024x532.jpg","width":1024,"height":532,"wp_smushit":"Reduced by 7.6% (13.3&nbsp;KB)","mime_type":"image\/jpeg","source_url":"https:\/\/www.manquepierda.com\/historiarealbetis\/files\/2013\/06\/Presentaci\u00f3n-Temporada-1998-99-NMP-Don-Bal\u00f3n-1024x532.jpg"},"wordbooker_og":{"file":"Presentaci\u00f3n-Temporada-1998-99-NMP-Don-Bal\u00f3n-500x260.jpg","width":500,"height":260,"wp_smushit":"Reduced by 8.6% (4.9&nbsp;KB)","mime_type":"image\/jpeg","source_url":"https:\/\/www.manquepierda.com\/historiarealbetis\/files\/2013\/06\/Presentaci\u00f3n-Temporada-1998-99-NMP-Don-Bal\u00f3n-500x260.jpg"},"400x250":{"file":"Presentaci\u00f3n-Temporada-1998-99-NMP-Don-Bal\u00f3n-400x250.jpg","width":400,"height":250,"source_url":"https:\/\/www.manquepierda.com\/historiarealbetis\/files\/2013\/06\/Presentaci\u00f3n-Temporada-1998-99-NMP-Don-Bal\u00f3n-400x250.jpg"},"150x150":{"file":"Presentaci\u00f3n-Temporada-1998-99-NMP-Don-Bal\u00f3n-150x150.jpg","width":150,"height":150,"source_url":"https:\/\/www.manquepierda.com\/historiarealbetis\/files\/2013\/06\/Presentaci\u00f3n-Temporada-1998-99-NMP-Don-Bal\u00f3n-150x150.jpg"},"400x230":{"file":"Presentaci\u00f3n-Temporada-1998-99-NMP-Don-Bal\u00f3n-400x230.jpg","width":400,"height":230,"source_url":"https:\/\/www.manquepierda.com\/historiarealbetis\/files\/2013\/06\/Presentaci\u00f3n-Temporada-1998-99-NMP-Don-Bal\u00f3n-400x230.jpg"},"400x200":{"file":"Presentaci\u00f3n-Temporada-1998-99-NMP-Don-Bal\u00f3n-400x200.jpg","width":400,"height":200,"source_url":"https:\/\/www.manquepierda.com\/historiarealbetis\/files\/2013\/06\/Presentaci\u00f3n-Temporada-1998-99-NMP-Don-Bal\u00f3n-400x200.jpg"},"full":{"file":"Presentaci%C3%B3n-Temporada-1998-99-NMP-Don-Bal%C3%B3n.jpg?fit=1163%2C605&ssl=1","width":1163,"height":605,"mime_type":"image\/jpeg","source_url":"https:\/\/i0.wp.com\/www.manquepierda.com\/historiarealbetis\/files\/2013\/06\/Presentaci%C3%B3n-Temporada-1998-99-NMP-Don-Bal%C3%B3n.jpg?fit=1163%2C605&ssl=1"}},"image_meta":{"aperture":0,"credit":"","camera":"","caption":"","created_timestamp":0,"copyright":"","focal_length":0,"iso":0,"shutter_speed":0,"title":""},"wp_smushit":"Reduced by 4.7% (6.7&nbsp;KB)"},"post":30524,"source_url":"https:\/\/www.manquepierda.com\/historiarealbetis\/files\/2013\/06\/Presentaci\u00f3n-Temporada-1998-99-NMP-Don-Bal\u00f3n.jpg","_links":{"self":[{"href":"https:\/\/www.manquepierda.com\/historiarealbetis\/wp-json\/wp\/v2\/media\/30525","targetHints":{"allow":["GET"]}}],"collection":[{"href":"https:\/\/www.manquepierda.com\/historiarealbetis\/wp-json\/wp\/v2\/media"}],"about":[{"href":"https:\/\/www.manquepierda.com\/historiarealbetis\/wp-json\/wp\/v2\/types\/attachment"}],"author":[{"embeddable":true,"href":"https:\/\/www.manquepierda.com\/historiarealbetis\/wp-json\/wp\/v2\/users\/5"}],"replies":[{"embeddable":true,"href":"https:\/\/www.manquepierda.com\/historiarealbetis\/wp-json\/wp\/v2\/comments?post=30525"}],"wp:attached-to":[{"embeddable":true,"post_type":"post","id":30524,"href":"https:\/\/www.manquepierda.com\/historiarealbetis\/wp-json\/wp\/v2\/posts\/30524"}],"curies":[{"name":"wp","href":"https:\/\/api.w.org\/{rel}","templated":true}]}}

http://www.manquepierda.com/historiarealbetis/files/2013/06/Presentación-Temporada-1998-99-NMP-Don-Balón.jpg

Presentación Temporada 1998-99 (NMP) Don Balón

2013/06/Presentación-Temporada-1998-99-NMP-Don-Balón.jpg

Presentación-Temporada-1998-99-NMP-Don-Balón-220x114.jpg

Presentación-Temporada-1998-99-NMP-Don-Balón-680x353.jpg

Presentación-Temporada-1998-99-NMP-Don-Balón-960x499.jpg

Presentación-Temporada-1998-99-NMP-Don-Balón-50x50.jpg

https://www.manquepierda.com/historiarealbetis/files/2013/06/Presentación-Temporada-1998-99-NMP-Don-Balón-50x50.jpg

Presentación-Temporada-1998-99-NMP-Don-Balón-1024x532.jpg

https://www.manquepierda.com/historiarealbetis/files/2013/06/Presentación-Temporada-1998-99-NMP-Don-Balón-1024x532.jpg

Presentación-Temporada-1998-99-NMP-Don-Balón-500x260.jpg

https://www.manquepierda.com/historiarealbetis/files/2013/06/Presentación-Temporada-1998-99-NMP-Don-Balón-500x260.jpg

Presentación-Temporada-1998-99-NMP-Don-Balón-400x250.jpg

https://www.manquepierda.com/historiarealbetis/files/2013/06/Presentación-Temporada-1998-99-NMP-Don-Balón-400x250.jpg

Presentación-Temporada-1998-99-NMP-Don-Balón-150x150.jpg

https://www.manquepierda.com/historiarealbetis/files/2013/06/Presentación-Temporada-1998-99-NMP-Don-Balón-150x150.jpg

Presentación-Temporada-1998-99-NMP-Don-Balón-400x230.jpg

https://www.manquepierda.com/historiarealbetis/files/2013/06/Presentación-Temporada-1998-99-NMP-Don-Balón-400x230.jpg

Presentación-Temporada-1998-99-NMP-Don-Balón-400x200.jpg

https://www.manquepierda.com/historiarealbetis/files/2013/06/Presentación-Temporada-1998-99-NMP-Don-Balón-400x200.jpg

https://www.manquepierda.com/historiarealbetis/files/2013/06/Presentación-Temporada-1998-99-NMP-Don-Balón.jpg
