{"id":35867,"date":"2014-06-04T20:21:17","date_gmt":"2014-06-04T18:21:17","guid":{"rendered":"http:\/\/www.manquepierda.com\/historiarealbetis\/files\/2014\/06\/1983-01-11-Banquillo-b\u00e9tico-en-el-Calder\u00f3n-NMP.jpg"},"modified":"2014-06-04T20:21:17","modified_gmt":"2014-06-04T18:21:17","slug":"1983-01-11-banquillo-betico-en-el-calderon-nmp","status":"inherit","type":"attachment","link":"https:\/\/www.manquepierda.com\/historiarealbetis\/banquillo-del-betis-en-el-calderon-1983\/1983-01-11-banquillo-betico-en-el-calderon-nmp\/","title":{"rendered":"1983-01-11 Banquillo b\u00e9tico en el Calder\u00f3n (NMP)"},"author":5,"featured_media":0,"comment_status":"open","ping_status":"open","template":"","meta":{"_kad_post_transparent":"","_kad_post_title":"","_kad_post_layout":"","_kad_post_sidebar_id":"","_kad_post_content_style":"","_kad_post_vertical_padding":"","_kad_post_feature":"","_kad_post_feature_position":"","_kad_post_header":false,"_kad_post_footer":false,"_kad_post_classname":""},"class_list":["post-35867","attachment","type-attachment","status-inherit","hentry"],"jetpack_sharing_enabled":true,"jetpack_shortlink":"https:\/\/wp.me\/a1ij08-9kv","description":{"rendered":"<p class=\"attachment\"><a href=\"https:\/\/i0.wp.com\/www.manquepierda.com\/historiarealbetis\/files\/2014\/06\/1983-01-11-Banquillo-b%C3%A9tico-en-el-Calder%C3%B3n-NMP.jpg?ssl=1\"><img loading=\"lazy\" decoding=\"async\" width=\"595\" height=\"600\" src=\"https:\/\/i0.wp.com\/www.manquepierda.com\/historiarealbetis\/files\/2014\/06\/1983-01-11-Banquillo-b%C3%A9tico-en-el-Calder%C3%B3n-NMP.jpg?fit=595%2C600&amp;ssl=1\" class=\"attachment-medium size-medium\" alt=\"\" \/><\/a><\/p>\n"},"caption":{"rendered":"<p>Fuente: AS 11 de enero de 1983<\/p>\n"},"alt_text":"","media_type":"image","mime_type":"image\/jpeg","media_details":{"width":744,"height":749,"file":"2014\/06\/1983-01-11-Banquillo-b\u00e9tico-en-el-Calder\u00f3n-NMP.jpg","sizes":{"thumbnail":{"file":"1983-01-11-Banquillo-b\u00e9tico-en-el-Calder\u00f3n-NMP-218x220.jpg","width":218,"height":220,"wp_smushit":"Reduced by 7.7% (1.6&nbsp;KB)","mime_type":"image\/jpeg","source_url":"https:\/\/i0.wp.com\/www.manquepierda.com\/historiarealbetis\/files\/2014\/06\/1983-01-11-Banquillo-b%C3%A9tico-en-el-Calder%C3%B3n-NMP.jpg?fit=218%2C220&ssl=1"},"medium":{"file":"1983-01-11-Banquillo-b\u00e9tico-en-el-Calder\u00f3n-NMP-595x600.jpg","width":595,"height":600,"wp_smushit":"Reduced by 6.7% (6.3&nbsp;KB)","mime_type":"image\/jpeg","source_url":"https:\/\/i0.wp.com\/www.manquepierda.com\/historiarealbetis\/files\/2014\/06\/1983-01-11-Banquillo-b%C3%A9tico-en-el-Calder%C3%B3n-NMP.jpg?fit=595%2C600&ssl=1"},"large":{"file":"1983-01-11-Banquillo-b\u00e9tico-en-el-Calder\u00f3n-NMP-695x700.jpg","width":695,"height":700,"wp_smushit":"Reduced by 6.4% (7.5&nbsp;KB)","mime_type":"image\/jpeg","source_url":"https:\/\/i0.wp.com\/www.manquepierda.com\/historiarealbetis\/files\/2014\/06\/1983-01-11-Banquillo-b%C3%A9tico-en-el-Calder%C3%B3n-NMP.jpg?fit=695%2C700&ssl=1"},"150x150":{"file":"1983-01-11-Banquillo-b\u00e9tico-en-el-Calder\u00f3n-NMP-150x150.jpg","width":150,"height":150,"source_url":"https:\/\/www.manquepierda.com\/historiarealbetis\/files\/2014\/06\/1983-01-11-Banquillo-b\u00e9tico-en-el-Calder\u00f3n-NMP-150x150.jpg"},"75x52":{"file":"1983-01-11-Banquillo-b\u00e9tico-en-el-Calder\u00f3n-NMP-75x52.jpg","width":75,"height":52,"source_url":"https:\/\/www.manquepierda.com\/historiarealbetis\/files\/2014\/06\/1983-01-11-Banquillo-b\u00e9tico-en-el-Calder\u00f3n-NMP-75x52.jpg"},"400x230":{"file":"1983-01-11-Banquillo-b\u00e9tico-en-el-Calder\u00f3n-NMP-400x230.jpg","width":400,"height":230,"source_url":"https:\/\/www.manquepierda.com\/historiarealbetis\/files\/2014\/06\/1983-01-11-Banquillo-b\u00e9tico-en-el-Calder\u00f3n-NMP-400x230.jpg"},"400x200":{"file":"1983-01-11-Banquillo-b\u00e9tico-en-el-Calder\u00f3n-NMP-400x200.jpg","width":400,"height":200,"source_url":"https:\/\/www.manquepierda.com\/historiarealbetis\/files\/2014\/06\/1983-01-11-Banquillo-b\u00e9tico-en-el-Calder\u00f3n-NMP-400x200.jpg"},"full":{"file":"1983-01-11-Banquillo-b%C3%A9tico-en-el-Calder%C3%B3n-NMP.jpg?fit=744%2C749&ssl=1","width":744,"height":749,"mime_type":"image\/jpeg","source_url":"https:\/\/i0.wp.com\/www.manquepierda.com\/historiarealbetis\/files\/2014\/06\/1983-01-11-Banquillo-b%C3%A9tico-en-el-Calder%C3%B3n-NMP.jpg?fit=744%2C749&ssl=1"}},"image_meta":{"aperture":0,"credit":"","camera":"","caption":"","created_timestamp":0,"copyright":"","focal_length":0,"iso":0,"shutter_speed":0,"title":""},"wp_smushit":"Reduced by 9.1% (16.7&nbsp;KB)"},"post":35866,"source_url":"https:\/\/www.manquepierda.com\/historiarealbetis\/files\/2014\/06\/1983-01-11-Banquillo-b\u00e9tico-en-el-Calder\u00f3n-NMP.jpg","_links":{"self":[{"href":"https:\/\/www.manquepierda.com\/historiarealbetis\/wp-json\/wp\/v2\/media\/35867","targetHints":{"allow":["GET"]}}],"collection":[{"href":"https:\/\/www.manquepierda.com\/historiarealbetis\/wp-json\/wp\/v2\/media"}],"about":[{"href":"https:\/\/www.manquepierda.com\/historiarealbetis\/wp-json\/wp\/v2\/types\/attachment"}],"author":[{"embeddable":true,"href":"https:\/\/www.manquepierda.com\/historiarealbetis\/wp-json\/wp\/v2\/users\/5"}],"replies":[{"embeddable":true,"href":"https:\/\/www.manquepierda.com\/historiarealbetis\/wp-json\/wp\/v2\/comments?post=35867"}],"wp:attached-to":[{"embeddable":true,"post_type":"post","id":35866,"href":"https:\/\/www.manquepierda.com\/historiarealbetis\/wp-json\/wp\/v2\/posts\/35866"}],"curies":[{"name":"wp","href":"https:\/\/api.w.org\/{rel}","templated":true}]}}

http://www.manquepierda.com/historiarealbetis/files/2014/06/1983-01-11-Banquillo-bético-en-el-Calderón-NMP.jpg

1983-01-11 Banquillo bético en el Calderón (NMP)

2014/06/1983-01-11-Banquillo-bético-en-el-Calderón-NMP.jpg

1983-01-11-Banquillo-bético-en-el-Calderón-NMP-218x220.jpg

1983-01-11-Banquillo-bético-en-el-Calderón-NMP-595x600.jpg

1983-01-11-Banquillo-bético-en-el-Calderón-NMP-695x700.jpg

1983-01-11-Banquillo-bético-en-el-Calderón-NMP-150x150.jpg

https://www.manquepierda.com/historiarealbetis/files/2014/06/1983-01-11-Banquillo-bético-en-el-Calderón-NMP-150x150.jpg

1983-01-11-Banquillo-bético-en-el-Calderón-NMP-75x52.jpg

https://www.manquepierda.com/historiarealbetis/files/2014/06/1983-01-11-Banquillo-bético-en-el-Calderón-NMP-75x52.jpg

1983-01-11-Banquillo-bético-en-el-Calderón-NMP-400x230.jpg

https://www.manquepierda.com/historiarealbetis/files/2014/06/1983-01-11-Banquillo-bético-en-el-Calderón-NMP-400x230.jpg

1983-01-11-Banquillo-bético-en-el-Calderón-NMP-400x200.jpg

https://www.manquepierda.com/historiarealbetis/files/2014/06/1983-01-11-Banquillo-bético-en-el-Calderón-NMP-400x200.jpg

https://www.manquepierda.com/historiarealbetis/files/2014/06/1983-01-11-Banquillo-bético-en-el-Calderón-NMP.jpg
