{"id":36783,"date":"2014-08-14T01:55:22","date_gmt":"2014-08-13T23:55:22","guid":{"rendered":"http:\/\/www.manquepierda.com\/historiarealbetis\/files\/2014\/08\/L\u00d3PEZ-Garc\u00eda-Francisco-Javier.jpg"},"modified":"2014-08-14T01:55:22","modified_gmt":"2014-08-13T23:55:22","slug":"lopez-garcia-francisco-javier-2","status":"inherit","type":"attachment","link":"https:\/\/www.manquepierda.com\/historiarealbetis\/1977-agosto-13-final-ix-trofeo-ciudadpalma-real-betis-balompie-0-6-west-ham-united-0-5\/lopez-garcia-francisco-javier-2\/","title":{"rendered":"L\u00d3PEZ Garc\u00eda-Francisco Javier"},"author":48,"featured_media":0,"comment_status":"open","ping_status":"open","template":"","meta":{"_kad_post_transparent":"","_kad_post_title":"","_kad_post_layout":"","_kad_post_sidebar_id":"","_kad_post_content_style":"","_kad_post_vertical_padding":"","_kad_post_feature":"","_kad_post_feature_position":"","_kad_post_header":false,"_kad_post_footer":false,"_kad_post_classname":""},"class_list":["post-36783","attachment","type-attachment","status-inherit","hentry"],"jetpack_sharing_enabled":true,"jetpack_shortlink":"https:\/\/wp.me\/a1ij08-9zh","description":{"rendered":"<p class=\"attachment\"><a href=\"https:\/\/i0.wp.com\/www.manquepierda.com\/historiarealbetis\/files\/2014\/08\/L%C3%93PEZ-Garc%C3%ADa-Francisco-Javier.jpg?ssl=1\"><img loading=\"lazy\" decoding=\"async\" width=\"475\" height=\"600\" src=\"https:\/\/i0.wp.com\/www.manquepierda.com\/historiarealbetis\/files\/2014\/08\/L%C3%93PEZ-Garc%C3%ADa-Francisco-Javier.jpg?fit=475%2C600&amp;ssl=1\" class=\"attachment-medium size-medium\" alt=\"\" \/><\/a><\/p>\n"},"caption":{"rendered":"<p>mmmm<\/p>\n"},"alt_text":"","media_type":"image","mime_type":"image\/jpeg","media_details":{"width":495,"height":624,"file":"2014\/08\/L\u00d3PEZ-Garc\u00eda-Francisco-Javier.jpg","sizes":{"thumbnail":{"file":"L\u00d3PEZ-Garc\u00eda-Francisco-Javier-174x220.jpg","width":174,"height":220,"wp_smushit":"Reduced by 6.7% (906&nbsp;B)","mime_type":"image\/jpeg","source_url":"https:\/\/i0.wp.com\/www.manquepierda.com\/historiarealbetis\/files\/2014\/08\/L%C3%93PEZ-Garc%C3%ADa-Francisco-Javier.jpg?fit=174%2C220&ssl=1"},"medium":{"file":"L\u00d3PEZ-Garc\u00eda-Francisco-Javier-475x600.jpg","width":475,"height":600,"wp_smushit":"Reduced by 5.2% (5.1&nbsp;KB)","mime_type":"image\/jpeg","source_url":"https:\/\/i0.wp.com\/www.manquepierda.com\/historiarealbetis\/files\/2014\/08\/L%C3%93PEZ-Garc%C3%ADa-Francisco-Javier.jpg?fit=475%2C600&ssl=1"},"full":{"file":"L%C3%93PEZ-Garc%C3%ADa-Francisco-Javier.jpg?fit=495%2C624&ssl=1","width":495,"height":624,"mime_type":"image\/jpeg","source_url":"https:\/\/i0.wp.com\/www.manquepierda.com\/historiarealbetis\/files\/2014\/08\/L%C3%93PEZ-Garc%C3%ADa-Francisco-Javier.jpg?fit=495%2C624&ssl=1"}},"image_meta":{"aperture":0,"credit":"","camera":"","caption":"","created_timestamp":0,"copyright":"","focal_length":0,"iso":0,"shutter_speed":0,"title":""},"wp_smushit":"Reduced by 3.6% (4.5&nbsp;KB)"},"post":36776,"source_url":"https:\/\/www.manquepierda.com\/historiarealbetis\/files\/2014\/08\/L\u00d3PEZ-Garc\u00eda-Francisco-Javier.jpg","_links":{"self":[{"href":"https:\/\/www.manquepierda.com\/historiarealbetis\/wp-json\/wp\/v2\/media\/36783","targetHints":{"allow":["GET"]}}],"collection":[{"href":"https:\/\/www.manquepierda.com\/historiarealbetis\/wp-json\/wp\/v2\/media"}],"about":[{"href":"https:\/\/www.manquepierda.com\/historiarealbetis\/wp-json\/wp\/v2\/types\/attachment"}],"author":[{"embeddable":true,"href":"https:\/\/www.manquepierda.com\/historiarealbetis\/wp-json\/wp\/v2\/users\/48"}],"replies":[{"embeddable":true,"href":"https:\/\/www.manquepierda.com\/historiarealbetis\/wp-json\/wp\/v2\/comments?post=36783"}],"wp:attached-to":[{"embeddable":true,"post_type":"post","id":36776,"href":"https:\/\/www.manquepierda.com\/historiarealbetis\/wp-json\/wp\/v2\/posts\/36776"}],"curies":[{"name":"wp","href":"https:\/\/api.w.org\/{rel}","templated":true}]}}

http://www.manquepierda.com/historiarealbetis/files/2014/08/LÓPEZ-García-Francisco-Javier.jpg

LÓPEZ García-Francisco Javier

2014/08/LÓPEZ-García-Francisco-Javier.jpg

LÓPEZ-García-Francisco-Javier-174x220.jpg

LÓPEZ-García-Francisco-Javier-475x600.jpg

https://www.manquepierda.com/historiarealbetis/files/2014/08/LÓPEZ-García-Francisco-Javier.jpg
