{"id":37395,"date":"2014-09-07T17:33:26","date_gmt":"2014-09-07T15:33:26","guid":{"rendered":"http:\/\/www.manquepierda.com\/historiarealbetis\/files\/2012\/09\/Valent\u00ednP\u00e9rezMart\u00ednez1940-1941.jpg"},"modified":"2014-09-07T17:33:26","modified_gmt":"2014-09-07T15:33:26","slug":"valentinperezmartinez1940-1941-5","status":"inherit","type":"attachment","link":"https:\/\/www.manquepierda.com\/historiarealbetis\/1940-septiembre-08-homenaje-andres-aranda-gutierrez\/valentinperezmartinez1940-1941-5\/","title":{"rendered":"Valent\u00ednP\u00e9rezMart\u00ednez1940-1941"},"author":48,"featured_media":0,"comment_status":"open","ping_status":"open","template":"","meta":{"_kad_post_transparent":"","_kad_post_title":"","_kad_post_layout":"","_kad_post_sidebar_id":"","_kad_post_content_style":"","_kad_post_vertical_padding":"","_kad_post_feature":"","_kad_post_feature_position":"","_kad_post_header":false,"_kad_post_footer":false,"_kad_post_classname":""},"class_list":["post-37395","attachment","type-attachment","status-inherit","hentry"],"jetpack_sharing_enabled":true,"jetpack_shortlink":"https:\/\/wp.me\/a1ij08-9J9","description":{"rendered":"<p class=\"attachment\"><a href=\"https:\/\/i0.wp.com\/www.manquepierda.com\/historiarealbetis\/files\/2012\/09\/Valent%C3%ADnP%C3%A9rezMart%C3%ADnez1940-1941.jpg?ssl=1\"><img loading=\"lazy\" decoding=\"async\" width=\"302\" height=\"600\" src=\"https:\/\/i0.wp.com\/www.manquepierda.com\/historiarealbetis\/files\/2012\/09\/Valent%C3%ADnP%C3%A9rezMart%C3%ADnez1940-1941.jpg?fit=302%2C600&amp;ssl=1\" class=\"attachment-medium size-medium\" alt=\"\" \/><\/a><\/p>\n"},"caption":{"rendered":"<p>mmmm<\/p>\n"},"alt_text":"","media_type":"image","mime_type":"image\/jpeg","media_details":{"width":427,"height":846,"file":"2012\/09\/Valent\u00ednP\u00e9rezMart\u00ednez1940-1941.jpg","sizes":{"thumbnail":{"file":"Valent\u00ednP\u00e9rezMart\u00ednez1940-1941-111x220.jpg","width":111,"height":220,"wp_smushit":"Reduced by 6.9% (463&nbsp;B)","mime_type":"image\/jpeg","source_url":"https:\/\/i0.wp.com\/www.manquepierda.com\/historiarealbetis\/files\/2012\/09\/Valent%C3%ADnP%C3%A9rezMart%C3%ADnez1940-1941.jpg?fit=111%2C220&ssl=1"},"medium":{"file":"Valent\u00ednP\u00e9rezMart\u00ednez1940-1941-302x600.jpg","width":302,"height":600,"wp_smushit":"Reduced by 6.4% (3.3&nbsp;KB)","mime_type":"image\/jpeg","source_url":"https:\/\/i0.wp.com\/www.manquepierda.com\/historiarealbetis\/files\/2012\/09\/Valent%C3%ADnP%C3%A9rezMart%C3%ADnez1940-1941.jpg?fit=302%2C600&ssl=1"},"large":{"file":"Valent\u00ednP\u00e9rezMart\u00ednez1940-1941-353x700.jpg","width":353,"height":700,"wp_smushit":"Reduced by 5.8% (4&nbsp;KB)","mime_type":"image\/jpeg","source_url":"https:\/\/i0.wp.com\/www.manquepierda.com\/historiarealbetis\/files\/2012\/09\/Valent%C3%ADnP%C3%A9rezMart%C3%ADnez1940-1941.jpg?fit=353%2C700&ssl=1"},"full":{"file":"Valent%C3%ADnP%C3%A9rezMart%C3%ADnez1940-1941.jpg?fit=427%2C846&ssl=1","width":427,"height":846,"mime_type":"image\/jpeg","source_url":"https:\/\/i0.wp.com\/www.manquepierda.com\/historiarealbetis\/files\/2012\/09\/Valent%C3%ADnP%C3%A9rezMart%C3%ADnez1940-1941.jpg?fit=427%2C846&ssl=1"}},"image_meta":{"aperture":0,"credit":"","camera":"","caption":"","created_timestamp":0,"copyright":"","focal_length":0,"iso":0,"shutter_speed":0,"title":""},"wp_smushit":"Reduced by 5.3% (5.9&nbsp;KB)"},"post":21659,"source_url":"https:\/\/www.manquepierda.com\/historiarealbetis\/files\/2012\/09\/Valent\u00ednP\u00e9rezMart\u00ednez1940-1941.jpg","_links":{"self":[{"href":"https:\/\/www.manquepierda.com\/historiarealbetis\/wp-json\/wp\/v2\/media\/37395","targetHints":{"allow":["GET"]}}],"collection":[{"href":"https:\/\/www.manquepierda.com\/historiarealbetis\/wp-json\/wp\/v2\/media"}],"about":[{"href":"https:\/\/www.manquepierda.com\/historiarealbetis\/wp-json\/wp\/v2\/types\/attachment"}],"author":[{"embeddable":true,"href":"https:\/\/www.manquepierda.com\/historiarealbetis\/wp-json\/wp\/v2\/users\/48"}],"replies":[{"embeddable":true,"href":"https:\/\/www.manquepierda.com\/historiarealbetis\/wp-json\/wp\/v2\/comments?post=37395"}],"wp:attached-to":[{"embeddable":true,"post_type":"post","id":21659,"href":"https:\/\/www.manquepierda.com\/historiarealbetis\/wp-json\/wp\/v2\/posts\/21659"}],"curies":[{"name":"wp","href":"https:\/\/api.w.org\/{rel}","templated":true}]}}

http://www.manquepierda.com/historiarealbetis/files/2012/09/ValentínPérezMartínez1940-1941.jpg

ValentínPérezMartínez1940-1941

2012/09/ValentínPérezMartínez1940-1941.jpg

ValentínPérezMartínez1940-1941-111x220.jpg

ValentínPérezMartínez1940-1941-302x600.jpg

ValentínPérezMartínez1940-1941-353x700.jpg

https://www.manquepierda.com/historiarealbetis/files/2012/09/ValentínPérezMartínez1940-1941.jpg
