{"id":40896,"date":"2015-02-04T18:49:26","date_gmt":"2015-02-04T17:49:26","guid":{"rendered":"http:\/\/www.manquepierda.com\/historiarealbetis\/files\/2015\/02\/Abril-29-Alineaci\u00f3n-Betis-Castell\u00f3n-Liga-1956.jpg"},"modified":"2015-02-04T18:52:48","modified_gmt":"2015-02-04T17:52:48","slug":"abril-29-alineacion-betis-castellon-liga-1956-2","status":"inherit","type":"attachment","link":"https:\/\/www.manquepierda.com\/historiarealbetis\/1956-febrero-05-heliopolis-real-betis-balompie-4-club-deportivo-castellon-2-59aniversario\/abril-29-alineacion-betis-castellon-liga-1956-2\/","title":{"rendered":"19560205-Alineaci\u00f3n-Betis-Castell\u00f3n-Liga-1956"},"author":48,"featured_media":0,"comment_status":"open","ping_status":"open","template":"","meta":{"_kad_post_transparent":"","_kad_post_title":"","_kad_post_layout":"","_kad_post_sidebar_id":"","_kad_post_content_style":"","_kad_post_vertical_padding":"","_kad_post_feature":"","_kad_post_feature_position":"","_kad_post_header":false,"_kad_post_footer":false,"_kad_post_classname":""},"class_list":["post-40896","attachment","type-attachment","status-inherit","hentry"],"jetpack_sharing_enabled":true,"jetpack_shortlink":"https:\/\/wp.me\/a1ij08-aDC","description":{"rendered":"<p class=\"attachment\"><a href=\"https:\/\/i0.wp.com\/www.manquepierda.com\/historiarealbetis\/files\/2015\/02\/Abril-29-Alineaci%C3%B3n-Betis-Castell%C3%B3n-Liga-1956.jpg?ssl=1\"><img loading=\"lazy\" decoding=\"async\" width=\"518\" height=\"345\" src=\"https:\/\/i0.wp.com\/www.manquepierda.com\/historiarealbetis\/files\/2015\/02\/Abril-29-Alineaci%C3%B3n-Betis-Castell%C3%B3n-Liga-1956.jpg?fit=518%2C345&amp;ssl=1\" class=\"attachment-medium size-medium\" alt=\"\" \/><\/a><\/p>\n"},"caption":{"rendered":"<p>mmmmm<\/p>\n"},"alt_text":"","media_type":"image","mime_type":"image\/jpeg","media_details":{"width":518,"height":345,"file":"2015\/02\/Abril-29-Alineaci\u00f3n-Betis-Castell\u00f3n-Liga-1956.jpg","sizes":{"thumbnail":{"file":"Abril-29-Alineaci\u00f3n-Betis-Castell\u00f3n-Liga-1956-220x147.jpg","width":220,"height":147,"wp_smushit":"ERROR: posting to Smush.it","mime_type":"image\/jpeg","source_url":"https:\/\/i0.wp.com\/www.manquepierda.com\/historiarealbetis\/files\/2015\/02\/Abril-29-Alineaci%C3%B3n-Betis-Castell%C3%B3n-Liga-1956.jpg?fit=220%2C147&ssl=1"},"150x150":{"file":"Abril-29-Alineaci\u00f3n-Betis-Castell\u00f3n-Liga-1956-150x150.jpg","width":150,"height":150,"source_url":"https:\/\/www.manquepierda.com\/historiarealbetis\/files\/2015\/02\/Abril-29-Alineaci\u00f3n-Betis-Castell\u00f3n-Liga-1956-150x150.jpg"},"400x230":{"file":"Abril-29-Alineaci\u00f3n-Betis-Castell\u00f3n-Liga-1956-400x230.jpg","width":400,"height":230,"source_url":"https:\/\/www.manquepierda.com\/historiarealbetis\/files\/2015\/02\/Abril-29-Alineaci\u00f3n-Betis-Castell\u00f3n-Liga-1956-400x230.jpg"},"75x52":{"file":"Abril-29-Alineaci\u00f3n-Betis-Castell\u00f3n-Liga-1956-75x52.jpg","width":75,"height":52,"source_url":"https:\/\/www.manquepierda.com\/historiarealbetis\/files\/2015\/02\/Abril-29-Alineaci\u00f3n-Betis-Castell\u00f3n-Liga-1956-75x52.jpg"},"400x200":{"file":"Abril-29-Alineaci\u00f3n-Betis-Castell\u00f3n-Liga-1956-400x200.jpg","width":400,"height":200,"source_url":"https:\/\/www.manquepierda.com\/historiarealbetis\/files\/2015\/02\/Abril-29-Alineaci\u00f3n-Betis-Castell\u00f3n-Liga-1956-400x200.jpg"},"400x250":{"file":"Abril-29-Alineaci\u00f3n-Betis-Castell\u00f3n-Liga-1956-400x250.jpg","width":400,"height":250,"source_url":"https:\/\/www.manquepierda.com\/historiarealbetis\/files\/2015\/02\/Abril-29-Alineaci\u00f3n-Betis-Castell\u00f3n-Liga-1956-400x250.jpg"},"full":{"file":"Abril-29-Alineaci%C3%B3n-Betis-Castell%C3%B3n-Liga-1956.jpg?fit=518%2C345&ssl=1","width":518,"height":345,"mime_type":"image\/jpeg","source_url":"https:\/\/i0.wp.com\/www.manquepierda.com\/historiarealbetis\/files\/2015\/02\/Abril-29-Alineaci%C3%B3n-Betis-Castell%C3%B3n-Liga-1956.jpg?fit=518%2C345&ssl=1"}},"image_meta":{"aperture":0,"credit":"","camera":"","caption":"","created_timestamp":0,"copyright":"","focal_length":0,"iso":0,"shutter_speed":0,"title":"","orientation":0},"wp_smushit":"ERROR: posting to Smush.it"},"post":40884,"source_url":"https:\/\/www.manquepierda.com\/historiarealbetis\/files\/2015\/02\/Abril-29-Alineaci\u00f3n-Betis-Castell\u00f3n-Liga-1956.jpg","_links":{"self":[{"href":"https:\/\/www.manquepierda.com\/historiarealbetis\/wp-json\/wp\/v2\/media\/40896","targetHints":{"allow":["GET"]}}],"collection":[{"href":"https:\/\/www.manquepierda.com\/historiarealbetis\/wp-json\/wp\/v2\/media"}],"about":[{"href":"https:\/\/www.manquepierda.com\/historiarealbetis\/wp-json\/wp\/v2\/types\/attachment"}],"author":[{"embeddable":true,"href":"https:\/\/www.manquepierda.com\/historiarealbetis\/wp-json\/wp\/v2\/users\/48"}],"replies":[{"embeddable":true,"href":"https:\/\/www.manquepierda.com\/historiarealbetis\/wp-json\/wp\/v2\/comments?post=40896"}],"wp:attached-to":[{"embeddable":true,"post_type":"post","id":40884,"href":"https:\/\/www.manquepierda.com\/historiarealbetis\/wp-json\/wp\/v2\/posts\/40884"}],"curies":[{"name":"wp","href":"https:\/\/api.w.org\/{rel}","templated":true}]}}

http://www.manquepierda.com/historiarealbetis/files/2015/02/Abril-29-Alineación-Betis-Castellón-Liga-1956.jpg

19560205-Alineación-Betis-Castellón-Liga-1956

2015/02/Abril-29-Alineación-Betis-Castellón-Liga-1956.jpg

Abril-29-Alineación-Betis-Castellón-Liga-1956-220x147.jpg

Abril-29-Alineación-Betis-Castellón-Liga-1956-150x150.jpg

https://www.manquepierda.com/historiarealbetis/files/2015/02/Abril-29-Alineación-Betis-Castellón-Liga-1956-150x150.jpg

Abril-29-Alineación-Betis-Castellón-Liga-1956-400x230.jpg

https://www.manquepierda.com/historiarealbetis/files/2015/02/Abril-29-Alineación-Betis-Castellón-Liga-1956-400x230.jpg

Abril-29-Alineación-Betis-Castellón-Liga-1956-75x52.jpg

https://www.manquepierda.com/historiarealbetis/files/2015/02/Abril-29-Alineación-Betis-Castellón-Liga-1956-75x52.jpg

Abril-29-Alineación-Betis-Castellón-Liga-1956-400x200.jpg

https://www.manquepierda.com/historiarealbetis/files/2015/02/Abril-29-Alineación-Betis-Castellón-Liga-1956-400x200.jpg

Abril-29-Alineación-Betis-Castellón-Liga-1956-400x250.jpg

https://www.manquepierda.com/historiarealbetis/files/2015/02/Abril-29-Alineación-Betis-Castellón-Liga-1956-400x250.jpg

https://www.manquepierda.com/historiarealbetis/files/2015/02/Abril-29-Alineación-Betis-Castellón-Liga-1956.jpg
