{"id":44872,"date":"2015-11-24T12:47:04","date_gmt":"2015-11-24T11:47:04","guid":{"rendered":"http:\/\/www.manquepierda.com\/historiarealbetis\/files\/2014\/11\/Ferm\u00edn-REJ\u00d3N-Landa.jpg"},"modified":"2015-11-24T12:47:04","modified_gmt":"2015-11-24T11:47:04","slug":"fermin-rejon-landa-2","status":"inherit","type":"attachment","link":"https:\/\/www.manquepierda.com\/historiarealbetis\/1935-noviembre-24-primera-division-oviedo-fc-2-betis-balompie-3-79aniversario\/fermin-rejon-landa-2\/","title":{"rendered":"Ferm\u00edn REJ\u00d3N Landa"},"author":48,"featured_media":0,"comment_status":"open","ping_status":"closed","template":"","meta":{"_kad_post_transparent":"","_kad_post_title":"","_kad_post_layout":"","_kad_post_sidebar_id":"","_kad_post_content_style":"","_kad_post_vertical_padding":"","_kad_post_feature":"","_kad_post_feature_position":"","_kad_post_header":false,"_kad_post_footer":false,"_kad_post_classname":""},"class_list":["post-44872","attachment","type-attachment","status-inherit","hentry"],"jetpack_sharing_enabled":true,"jetpack_shortlink":"https:\/\/wp.me\/a1ij08-bFK","description":{"rendered":"<p class=\"attachment\"><a href=\"https:\/\/i0.wp.com\/www.manquepierda.com\/historiarealbetis\/files\/2014\/11\/Ferm%C3%ADn-REJ%C3%93N-Landa.jpg?ssl=1\"><img loading=\"lazy\" decoding=\"async\" width=\"197\" height=\"270\" src=\"https:\/\/i0.wp.com\/www.manquepierda.com\/historiarealbetis\/files\/2014\/11\/Ferm%C3%ADn-REJ%C3%93N-Landa.jpg?fit=197%2C270&amp;ssl=1\" class=\"attachment-medium size-medium\" alt=\"\" \/><\/a><\/p>\n"},"caption":{"rendered":""},"alt_text":"","media_type":"image","mime_type":"image\/jpeg","media_details":{"width":197,"height":270,"file":"2014\/11\/Ferm\u00edn-REJ\u00d3N-Landa.jpg","sizes":{"thumbnail":{"file":"Ferm\u00edn-REJ\u00d3N-Landa-161x220.jpg","width":161,"height":220,"mime_type":"image\/jpeg","source_url":"https:\/\/i0.wp.com\/www.manquepierda.com\/historiarealbetis\/files\/2014\/11\/Ferm%C3%ADn-REJ%C3%93N-Landa.jpg?fit=161%2C220&ssl=1"},"full":{"file":"Ferm%C3%ADn-REJ%C3%93N-Landa.jpg?fit=197%2C270&ssl=1","width":197,"height":270,"mime_type":"image\/jpeg","source_url":"https:\/\/i0.wp.com\/www.manquepierda.com\/historiarealbetis\/files\/2014\/11\/Ferm%C3%ADn-REJ%C3%93N-Landa.jpg?fit=197%2C270&ssl=1"}},"image_meta":{"aperture":0,"credit":"","camera":"","caption":"","created_timestamp":0,"copyright":"","focal_length":0,"iso":0,"shutter_speed":0,"title":"","orientation":0}},"post":39150,"source_url":"https:\/\/www.manquepierda.com\/historiarealbetis\/files\/2014\/11\/Ferm\u00edn-REJ\u00d3N-Landa.jpg","_links":{"self":[{"href":"https:\/\/www.manquepierda.com\/historiarealbetis\/wp-json\/wp\/v2\/media\/44872","targetHints":{"allow":["GET"]}}],"collection":[{"href":"https:\/\/www.manquepierda.com\/historiarealbetis\/wp-json\/wp\/v2\/media"}],"about":[{"href":"https:\/\/www.manquepierda.com\/historiarealbetis\/wp-json\/wp\/v2\/types\/attachment"}],"author":[{"embeddable":true,"href":"https:\/\/www.manquepierda.com\/historiarealbetis\/wp-json\/wp\/v2\/users\/48"}],"replies":[{"embeddable":true,"href":"https:\/\/www.manquepierda.com\/historiarealbetis\/wp-json\/wp\/v2\/comments?post=44872"}],"wp:attached-to":[{"embeddable":true,"post_type":"post","id":39150,"href":"https:\/\/www.manquepierda.com\/historiarealbetis\/wp-json\/wp\/v2\/posts\/39150"}],"curies":[{"name":"wp","href":"https:\/\/api.w.org\/{rel}","templated":true}]}}

http://www.manquepierda.com/historiarealbetis/files/2014/11/Fermín-REJÓN-Landa.jpg

Fermín REJÓN Landa

2014/11/Fermín-REJÓN-Landa.jpg

Fermín-REJÓN-Landa-161x220.jpg

https://www.manquepierda.com/historiarealbetis/files/2014/11/Fermín-REJÓN-Landa.jpg
