{"id":45798,"date":"2015-12-22T16:43:07","date_gmt":"2015-12-22T15:43:07","guid":{"rendered":"http:\/\/www.manquepierda.com\/historiarealbetis\/files\/2015\/12\/Colo-Balmanya-Lu\u00eds-Mart\u00ednez-Pons-1963-1964.jpg"},"modified":"2015-12-22T16:43:07","modified_gmt":"2015-12-22T15:43:07","slug":"colo-balmanya-luis-martinez-pons-1963-1964","status":"inherit","type":"attachment","link":"https:\/\/www.manquepierda.com\/historiarealbetis\/1963-diciembre-22-primera-club-atletico-madrid-0-real-betis-balompie-0-52aniversario\/colo-balmanya-luis-martinez-pons-1963-1964\/","title":{"rendered":"Colo-Balmanya-Lu\u00eds-Mart\u00ednez-Pons 1963-1964"},"author":48,"featured_media":0,"comment_status":"open","ping_status":"closed","template":"","meta":{"_kad_post_transparent":"","_kad_post_title":"","_kad_post_layout":"","_kad_post_sidebar_id":"","_kad_post_content_style":"","_kad_post_vertical_padding":"","_kad_post_feature":"","_kad_post_feature_position":"","_kad_post_header":false,"_kad_post_footer":false,"_kad_post_classname":""},"class_list":["post-45798","attachment","type-attachment","status-inherit","hentry"],"jetpack_sharing_enabled":true,"jetpack_shortlink":"https:\/\/wp.me\/a1ij08-bUG","description":{"rendered":"<p class=\"attachment\"><a href=\"https:\/\/i0.wp.com\/www.manquepierda.com\/historiarealbetis\/files\/2015\/12\/Colo-Balmanya-Lu%C3%ADs-Mart%C3%ADnez-Pons-1963-1964.jpg?ssl=1\"><img loading=\"lazy\" decoding=\"async\" width=\"599\" height=\"454\" src=\"https:\/\/i0.wp.com\/www.manquepierda.com\/historiarealbetis\/files\/2015\/12\/Colo-Balmanya-Lu%C3%ADs-Mart%C3%ADnez-Pons-1963-1964.jpg?fit=599%2C454&amp;ssl=1\" class=\"attachment-medium size-medium\" alt=\"\" \/><\/a><\/p>\n"},"caption":{"rendered":""},"alt_text":"","media_type":"image","mime_type":"image\/jpeg","media_details":{"width":599,"height":454,"file":"2015\/12\/Colo-Balmanya-Lu\u00eds-Mart\u00ednez-Pons-1963-1964.jpg","sizes":{"thumbnail":{"file":"Colo-Balmanya-Lu\u00eds-Mart\u00ednez-Pons-1963-1964-220x167.jpg","width":220,"height":167,"mime_type":"image\/jpeg","source_url":"https:\/\/i0.wp.com\/www.manquepierda.com\/historiarealbetis\/files\/2015\/12\/Colo-Balmanya-Lu%C3%ADs-Mart%C3%ADnez-Pons-1963-1964.jpg?fit=220%2C167&ssl=1"},"full":{"file":"Colo-Balmanya-Lu%C3%ADs-Mart%C3%ADnez-Pons-1963-1964.jpg?fit=599%2C454&ssl=1","width":599,"height":454,"mime_type":"image\/jpeg","source_url":"https:\/\/i0.wp.com\/www.manquepierda.com\/historiarealbetis\/files\/2015\/12\/Colo-Balmanya-Lu%C3%ADs-Mart%C3%ADnez-Pons-1963-1964.jpg?fit=599%2C454&ssl=1"}},"image_meta":{"aperture":0,"credit":"","camera":"","caption":"","created_timestamp":0,"copyright":"","focal_length":0,"iso":0,"shutter_speed":0,"title":"","orientation":0,"keywords":[]}},"post":45785,"source_url":"https:\/\/www.manquepierda.com\/historiarealbetis\/files\/2015\/12\/Colo-Balmanya-Lu\u00eds-Mart\u00ednez-Pons-1963-1964.jpg","_links":{"self":[{"href":"https:\/\/www.manquepierda.com\/historiarealbetis\/wp-json\/wp\/v2\/media\/45798","targetHints":{"allow":["GET"]}}],"collection":[{"href":"https:\/\/www.manquepierda.com\/historiarealbetis\/wp-json\/wp\/v2\/media"}],"about":[{"href":"https:\/\/www.manquepierda.com\/historiarealbetis\/wp-json\/wp\/v2\/types\/attachment"}],"author":[{"embeddable":true,"href":"https:\/\/www.manquepierda.com\/historiarealbetis\/wp-json\/wp\/v2\/users\/48"}],"replies":[{"embeddable":true,"href":"https:\/\/www.manquepierda.com\/historiarealbetis\/wp-json\/wp\/v2\/comments?post=45798"}],"wp:attached-to":[{"embeddable":true,"post_type":"post","id":45785,"href":"https:\/\/www.manquepierda.com\/historiarealbetis\/wp-json\/wp\/v2\/posts\/45785"}],"curies":[{"name":"wp","href":"https:\/\/api.w.org\/{rel}","templated":true}]}}

http://www.manquepierda.com/historiarealbetis/files/2015/12/Colo-Balmanya-Luís-Martínez-Pons-1963-1964.jpg

Colo-Balmanya-Luís-Martínez-Pons 1963-1964

2015/12/Colo-Balmanya-Luís-Martínez-Pons-1963-1964.jpg

Colo-Balmanya-Luís-Martínez-Pons-1963-1964-220x167.jpg

https://www.manquepierda.com/historiarealbetis/files/2015/12/Colo-Balmanya-Luís-Martínez-Pons-1963-1964.jpg
