{"id":46221,"date":"2015-12-29T12:41:05","date_gmt":"2015-12-29T11:41:05","guid":{"rendered":"http:\/\/www.manquepierda.com\/historiarealbetis\/files\/2015\/12\/Montaner.-Jos\u00e9-Mar\u00eda-Garc\u00eda-Mart\u00ednez-2.jpg"},"modified":"2015-12-29T12:41:05","modified_gmt":"2015-12-29T11:41:05","slug":"montaner-jose-maria-garcia-martinez-14","status":"inherit","type":"attachment","link":"https:\/\/www.manquepierda.com\/historiarealbetis\/1962-diciembre-30-primera-athletic-club-bilbao-0-real-betis-balompie-0-53aniversario\/montaner-jose-maria-garcia-martinez-14\/","title":{"rendered":"Montaner. Jos\u00e9 Mar\u00eda Garc\u00eda Mart\u00ednez"},"author":48,"featured_media":0,"comment_status":"open","ping_status":"closed","template":"","meta":{"_kad_post_transparent":"","_kad_post_title":"","_kad_post_layout":"","_kad_post_sidebar_id":"","_kad_post_content_style":"","_kad_post_vertical_padding":"","_kad_post_feature":"","_kad_post_feature_position":"","_kad_post_header":false,"_kad_post_footer":false,"_kad_post_classname":""},"class_list":["post-46221","attachment","type-attachment","status-inherit","hentry"],"jetpack_sharing_enabled":true,"jetpack_shortlink":"https:\/\/wp.me\/a1ij08-c1v","description":{"rendered":"<p class=\"attachment\"><a href=\"https:\/\/i0.wp.com\/www.manquepierda.com\/historiarealbetis\/files\/2015\/12\/Montaner.-Jos%C3%A9-Mar%C3%ADa-Garc%C3%ADa-Mart%C3%ADnez-2.jpg?ssl=1\"><img loading=\"lazy\" decoding=\"async\" width=\"400\" height=\"516\" src=\"https:\/\/i0.wp.com\/www.manquepierda.com\/historiarealbetis\/files\/2015\/12\/Montaner.-Jos%C3%A9-Mar%C3%ADa-Garc%C3%ADa-Mart%C3%ADnez-2.jpg?fit=400%2C516&amp;ssl=1\" class=\"attachment-medium size-medium\" alt=\"\" \/><\/a><\/p>\n"},"caption":{"rendered":""},"alt_text":"","media_type":"image","mime_type":"image\/jpeg","media_details":{"width":400,"height":516,"file":"2015\/12\/Montaner.-Jos\u00e9-Mar\u00eda-Garc\u00eda-Mart\u00ednez-2.jpg","sizes":{"thumbnail":{"file":"Montaner.-Jos\u00e9-Mar\u00eda-Garc\u00eda-Mart\u00ednez-2-171x220.jpg","width":171,"height":220,"mime_type":"image\/jpeg","source_url":"https:\/\/i0.wp.com\/www.manquepierda.com\/historiarealbetis\/files\/2015\/12\/Montaner.-Jos%C3%A9-Mar%C3%ADa-Garc%C3%ADa-Mart%C3%ADnez-2.jpg?fit=171%2C220&ssl=1"},"full":{"file":"Montaner.-Jos%C3%A9-Mar%C3%ADa-Garc%C3%ADa-Mart%C3%ADnez-2.jpg?fit=400%2C516&ssl=1","width":400,"height":516,"mime_type":"image\/jpeg","source_url":"https:\/\/i0.wp.com\/www.manquepierda.com\/historiarealbetis\/files\/2015\/12\/Montaner.-Jos%C3%A9-Mar%C3%ADa-Garc%C3%ADa-Mart%C3%ADnez-2.jpg?fit=400%2C516&ssl=1"}},"image_meta":{"aperture":0,"credit":"","camera":"HP psc1500","caption":"","created_timestamp":0,"copyright":"","focal_length":0,"iso":0,"shutter_speed":0,"title":"","orientation":0,"keywords":[]}},"post":46189,"source_url":"https:\/\/www.manquepierda.com\/historiarealbetis\/files\/2015\/12\/Montaner.-Jos\u00e9-Mar\u00eda-Garc\u00eda-Mart\u00ednez-2.jpg","_links":{"self":[{"href":"https:\/\/www.manquepierda.com\/historiarealbetis\/wp-json\/wp\/v2\/media\/46221","targetHints":{"allow":["GET"]}}],"collection":[{"href":"https:\/\/www.manquepierda.com\/historiarealbetis\/wp-json\/wp\/v2\/media"}],"about":[{"href":"https:\/\/www.manquepierda.com\/historiarealbetis\/wp-json\/wp\/v2\/types\/attachment"}],"author":[{"embeddable":true,"href":"https:\/\/www.manquepierda.com\/historiarealbetis\/wp-json\/wp\/v2\/users\/48"}],"replies":[{"embeddable":true,"href":"https:\/\/www.manquepierda.com\/historiarealbetis\/wp-json\/wp\/v2\/comments?post=46221"}],"wp:attached-to":[{"embeddable":true,"post_type":"post","id":46189,"href":"https:\/\/www.manquepierda.com\/historiarealbetis\/wp-json\/wp\/v2\/posts\/46189"}],"curies":[{"name":"wp","href":"https:\/\/api.w.org\/{rel}","templated":true}]}}

http://www.manquepierda.com/historiarealbetis/files/2015/12/Montaner.-José-María-García-Martínez-2.jpg

Montaner. José María García Martínez

2015/12/Montaner.-José-María-García-Martínez-2.jpg

Montaner.-José-María-García-Martínez-2-171x220.jpg

https://www.manquepierda.com/historiarealbetis/files/2015/12/Montaner.-José-María-García-Martínez-2.jpg
